{"id":125,"date":"2024-06-21T11:22:44","date_gmt":"2024-06-21T09:22:44","guid":{"rendered":"https:\/\/debouchage-canalisation-paris-4e-arrondissement.fr\/?page_id=125"},"modified":"2024-06-25T16:25:59","modified_gmt":"2024-06-25T14:25:59","slug":"contactez-nous","status":"publish","type":"page","link":"https:\/\/debouchage-canalisation-paris-4e-arrondissement.fr\/index.php\/contactez-nous\/","title":{"rendered":"Contact"},"content":{"rendered":"<h1>Contactez-nous :<\/h1>\n<p style=\"text-align: center;\">Nous sommes ravis de vous accueillir sur la page de contact de <strong>D\u00e9bouchage Canalisation Paris 4.<\/strong> Que vous ayez besoin d&rsquo;une intervention d&rsquo;urgence, de renseignements sur nos prestations ou d&rsquo;un devis personnalis\u00e9, notre \u00e9quipe est \u00e0 votre \u00e9coute pour r\u00e9pondre \u00e0 toutes vos questions et vous offrir le meilleur service possible.<\/p>\n\n<div class=\"wpcf7 no-js\" id=\"wpcf7-f124-o1\" lang=\"fr-FR\" dir=\"ltr\" data-wpcf7-id=\"124\">\n<div class=\"screen-reader-response\"><p role=\"status\" aria-live=\"polite\" aria-atomic=\"true\"><\/p> <ul><\/ul><\/div>\n<form action=\"\/index.php\/wp-json\/wp\/v2\/pages\/125#wpcf7-f124-o1\" method=\"post\" class=\"wpcf7-form init\" aria-label=\"Formulaire de contact\" novalidate=\"novalidate\" data-status=\"init\">\n<fieldset class=\"hidden-fields-container\"><input type=\"hidden\" name=\"_wpcf7\" value=\"124\" \/><input type=\"hidden\" name=\"_wpcf7_version\" value=\"6.1.5\" \/><input type=\"hidden\" name=\"_wpcf7_locale\" value=\"fr_FR\" \/><input type=\"hidden\" name=\"_wpcf7_unit_tag\" value=\"wpcf7-f124-o1\" \/><input type=\"hidden\" name=\"_wpcf7_container_post\" value=\"0\" \/><input type=\"hidden\" name=\"_wpcf7_posted_data_hash\" value=\"\" \/><input type=\"hidden\" name=\"_wpcf7_recaptcha_response\" value=\"\" \/>\n<\/fieldset>\n<p><label> Votre nom<br \/>\n<span class=\"wpcf7-form-control-wrap\" data-name=\"your-name\"><input size=\"40\" maxlength=\"400\" class=\"wpcf7-form-control wpcf7-text wpcf7-validates-as-required\" autocomplete=\"name\" aria-required=\"true\" aria-invalid=\"false\" value=\"\" type=\"text\" name=\"your-name\" \/><\/span> <\/label>\n<\/p>\n<p><label> Votre e-mail<br \/>\n<span class=\"wpcf7-form-control-wrap\" data-name=\"your-email\"><input size=\"40\" maxlength=\"400\" class=\"wpcf7-form-control wpcf7-email wpcf7-validates-as-required wpcf7-text wpcf7-validates-as-email\" autocomplete=\"email\" aria-required=\"true\" aria-invalid=\"false\" value=\"\" type=\"email\" name=\"your-email\" \/><\/span> <\/label>\n<\/p>\n<p><label> Votre T\u00e9l\u00e9phone<br \/>\n<span class=\"wpcf7-form-control-wrap\" data-name=\"tel-413\"><input size=\"40\" maxlength=\"400\" class=\"wpcf7-form-control wpcf7-tel wpcf7-text wpcf7-validates-as-tel\" aria-invalid=\"false\" value=\"\" type=\"tel\" name=\"tel-413\" \/><\/span> <\/label>\n<\/p>\n<p><label> Objet<br \/>\n<span class=\"wpcf7-form-control-wrap\" data-name=\"your-subject\"><input size=\"40\" maxlength=\"400\" class=\"wpcf7-form-control wpcf7-text wpcf7-validates-as-required\" aria-required=\"true\" aria-invalid=\"false\" value=\"\" type=\"text\" name=\"your-subject\" \/><\/span> <\/label>\n<\/p>\n<p><label> Votre message (facultatif)<br \/>\n<span class=\"wpcf7-form-control-wrap\" data-name=\"your-message\"><textarea cols=\"40\" rows=\"10\" maxlength=\"2000\" class=\"wpcf7-form-control wpcf7-textarea\" aria-invalid=\"false\" name=\"your-message\"><\/textarea><\/span> <\/label>\n<\/p>\n<p><input class=\"wpcf7-form-control wpcf7-submit has-spinner\" type=\"submit\" value=\"Envoyer\" \/>\n<\/p><p style=\"display: none !important;\" class=\"akismet-fields-container\" data-prefix=\"_wpcf7_ak_\"><label>&#916;<textarea name=\"_wpcf7_ak_hp_textarea\" cols=\"45\" rows=\"8\" maxlength=\"100\"><\/textarea><\/label><input type=\"hidden\" id=\"ak_js_1\" name=\"_wpcf7_ak_js\" value=\"240\"\/><script>document.getElementById( \"ak_js_1\" ).setAttribute( \"value\", ( new Date() ).getTime() );<\/script><\/p><div class=\"wpcf7-response-output\" aria-hidden=\"true\"><\/div>\n<\/form>\n<\/div>\n\n","protected":false},"excerpt":{"rendered":"<p>Contactez-nous : Nous sommes ravis de vous accueillir sur la page de contact de D\u00e9bouchage Canalisation Paris 4. Que vous ayez besoin d&rsquo;une intervention d&rsquo;urgence, de renseignements sur nos prestations&#8230;<\/p>\n","protected":false},"author":1,"featured_media":0,"parent":0,"menu_order":0,"comment_status":"closed","ping_status":"closed","template":"","meta":{"_monsterinsights_skip_tracking":false,"_monsterinsights_sitenote_active":false,"_monsterinsights_sitenote_note":"","_monsterinsights_sitenote_category":0,"footnotes":""},"class_list":["post-125","page","type-page","status-publish"],"yoast_head":"<!-- This site is optimized with the Yoast SEO plugin v27.3 - https:\/\/yoast.com\/product\/yoast-seo-wordpress\/ -->\n<title>Contactez-nous- d\u00e9bouchage canalisation paris 4e<\/title>\n<meta name=\"description\" content=\"Contactez-nous pour le D\u00e9bouchage de Canalisation \u00e0 Paris 4e. pour plus d&#039;informations consulter le 01 48 05 15 15.\" \/>\n<meta name=\"robots\" content=\"index, follow, max-snippet:-1, max-image-preview:large, max-video-preview:-1\" \/>\n<link rel=\"canonical\" href=\"https:\/\/debouchage-canalisation-paris-4e-arrondissement.fr\/index.php\/contactez-nous\/\" \/>\n<meta property=\"og:locale\" content=\"fr_FR\" \/>\n<meta property=\"og:type\" content=\"article\" \/>\n<meta property=\"og:title\" content=\"Contactez-nous- d\u00e9bouchage canalisation paris 4e\" \/>\n<meta property=\"og:description\" content=\"Contactez-nous pour le D\u00e9bouchage de Canalisation \u00e0 Paris 4e. pour plus d&#039;informations consulter le 01 48 05 15 15.\" \/>\n<meta property=\"og:url\" content=\"https:\/\/debouchage-canalisation-paris-4e-arrondissement.fr\/index.php\/contactez-nous\/\" \/>\n<meta property=\"og:site_name\" content=\"Debouchage canalisation paris 4e arrondissement\" \/>\n<meta property=\"article:modified_time\" content=\"2024-06-25T14:25:59+00:00\" \/>\n<meta name=\"twitter:card\" content=\"summary_large_image\" \/>\n<meta name=\"twitter:label1\" content=\"Dur\u00e9e de lecture estim\u00e9e\" \/>\n\t<meta name=\"twitter:data1\" content=\"1 minute\" \/>\n<script type=\"application\/ld+json\" class=\"yoast-schema-graph\">{\"@context\":\"https:\\\/\\\/schema.org\",\"@graph\":[{\"@type\":\"WebPage\",\"@id\":\"https:\\\/\\\/debouchage-canalisation-paris-4e-arrondissement.fr\\\/index.php\\\/contactez-nous\\\/\",\"url\":\"https:\\\/\\\/debouchage-canalisation-paris-4e-arrondissement.fr\\\/index.php\\\/contactez-nous\\\/\",\"name\":\"Contactez-nous- d\u00e9bouchage canalisation paris 4e\",\"isPartOf\":{\"@id\":\"https:\\\/\\\/debouchage-canalisation-paris-4e-arrondissement.fr\\\/#website\"},\"datePublished\":\"2024-06-21T09:22:44+00:00\",\"dateModified\":\"2024-06-25T14:25:59+00:00\",\"description\":\"Contactez-nous pour le D\u00e9bouchage de Canalisation \u00e0 Paris 4e. pour plus d'informations consulter le 01 48 05 15 15.\",\"breadcrumb\":{\"@id\":\"https:\\\/\\\/debouchage-canalisation-paris-4e-arrondissement.fr\\\/index.php\\\/contactez-nous\\\/#breadcrumb\"},\"inLanguage\":\"fr-FR\",\"potentialAction\":[{\"@type\":\"ReadAction\",\"target\":[\"https:\\\/\\\/debouchage-canalisation-paris-4e-arrondissement.fr\\\/index.php\\\/contactez-nous\\\/\"]}]},{\"@type\":\"BreadcrumbList\",\"@id\":\"https:\\\/\\\/debouchage-canalisation-paris-4e-arrondissement.fr\\\/index.php\\\/contactez-nous\\\/#breadcrumb\",\"itemListElement\":[{\"@type\":\"ListItem\",\"position\":1,\"name\":\"Accueil\",\"item\":\"https:\\\/\\\/debouchage-canalisation-paris-4e-arrondissement.fr\\\/\"},{\"@type\":\"ListItem\",\"position\":2,\"name\":\"Contact\"}]},{\"@type\":\"WebSite\",\"@id\":\"https:\\\/\\\/debouchage-canalisation-paris-4e-arrondissement.fr\\\/#website\",\"url\":\"https:\\\/\\\/debouchage-canalisation-paris-4e-arrondissement.fr\\\/\",\"name\":\"Debouchage canalisation paris 4e arrondissement\",\"description\":\"Debouchage canalisation paris 4e arrondissement\",\"potentialAction\":[{\"@type\":\"SearchAction\",\"target\":{\"@type\":\"EntryPoint\",\"urlTemplate\":\"https:\\\/\\\/debouchage-canalisation-paris-4e-arrondissement.fr\\\/?s={search_term_string}\"},\"query-input\":{\"@type\":\"PropertyValueSpecification\",\"valueRequired\":true,\"valueName\":\"search_term_string\"}}],\"inLanguage\":\"fr-FR\"}]}<\/script>\n<!-- \/ Yoast SEO plugin. -->","yoast_head_json":{"title":"Contactez-nous- d\u00e9bouchage canalisation paris 4e","description":"Contactez-nous pour le D\u00e9bouchage de Canalisation \u00e0 Paris 4e. pour plus d'informations consulter le 01 48 05 15 15.","robots":{"index":"index","follow":"follow","max-snippet":"max-snippet:-1","max-image-preview":"max-image-preview:large","max-video-preview":"max-video-preview:-1"},"canonical":"https:\/\/debouchage-canalisation-paris-4e-arrondissement.fr\/index.php\/contactez-nous\/","og_locale":"fr_FR","og_type":"article","og_title":"Contactez-nous- d\u00e9bouchage canalisation paris 4e","og_description":"Contactez-nous pour le D\u00e9bouchage de Canalisation \u00e0 Paris 4e. pour plus d'informations consulter le 01 48 05 15 15.","og_url":"https:\/\/debouchage-canalisation-paris-4e-arrondissement.fr\/index.php\/contactez-nous\/","og_site_name":"Debouchage canalisation paris 4e arrondissement","article_modified_time":"2024-06-25T14:25:59+00:00","twitter_card":"summary_large_image","twitter_misc":{"Dur\u00e9e de lecture estim\u00e9e":"1 minute"},"schema":{"@context":"https:\/\/schema.org","@graph":[{"@type":"WebPage","@id":"https:\/\/debouchage-canalisation-paris-4e-arrondissement.fr\/index.php\/contactez-nous\/","url":"https:\/\/debouchage-canalisation-paris-4e-arrondissement.fr\/index.php\/contactez-nous\/","name":"Contactez-nous- d\u00e9bouchage canalisation paris 4e","isPartOf":{"@id":"https:\/\/debouchage-canalisation-paris-4e-arrondissement.fr\/#website"},"datePublished":"2024-06-21T09:22:44+00:00","dateModified":"2024-06-25T14:25:59+00:00","description":"Contactez-nous pour le D\u00e9bouchage de Canalisation \u00e0 Paris 4e. pour plus d'informations consulter le 01 48 05 15 15.","breadcrumb":{"@id":"https:\/\/debouchage-canalisation-paris-4e-arrondissement.fr\/index.php\/contactez-nous\/#breadcrumb"},"inLanguage":"fr-FR","potentialAction":[{"@type":"ReadAction","target":["https:\/\/debouchage-canalisation-paris-4e-arrondissement.fr\/index.php\/contactez-nous\/"]}]},{"@type":"BreadcrumbList","@id":"https:\/\/debouchage-canalisation-paris-4e-arrondissement.fr\/index.php\/contactez-nous\/#breadcrumb","itemListElement":[{"@type":"ListItem","position":1,"name":"Accueil","item":"https:\/\/debouchage-canalisation-paris-4e-arrondissement.fr\/"},{"@type":"ListItem","position":2,"name":"Contact"}]},{"@type":"WebSite","@id":"https:\/\/debouchage-canalisation-paris-4e-arrondissement.fr\/#website","url":"https:\/\/debouchage-canalisation-paris-4e-arrondissement.fr\/","name":"Debouchage canalisation paris 4e arrondissement","description":"Debouchage canalisation paris 4e arrondissement","potentialAction":[{"@type":"SearchAction","target":{"@type":"EntryPoint","urlTemplate":"https:\/\/debouchage-canalisation-paris-4e-arrondissement.fr\/?s={search_term_string}"},"query-input":{"@type":"PropertyValueSpecification","valueRequired":true,"valueName":"search_term_string"}}],"inLanguage":"fr-FR"}]}},"_links":{"self":[{"href":"https:\/\/debouchage-canalisation-paris-4e-arrondissement.fr\/index.php\/wp-json\/wp\/v2\/pages\/125","targetHints":{"allow":["GET"]}}],"collection":[{"href":"https:\/\/debouchage-canalisation-paris-4e-arrondissement.fr\/index.php\/wp-json\/wp\/v2\/pages"}],"about":[{"href":"https:\/\/debouchage-canalisation-paris-4e-arrondissement.fr\/index.php\/wp-json\/wp\/v2\/types\/page"}],"author":[{"embeddable":true,"href":"https:\/\/debouchage-canalisation-paris-4e-arrondissement.fr\/index.php\/wp-json\/wp\/v2\/users\/1"}],"replies":[{"embeddable":true,"href":"https:\/\/debouchage-canalisation-paris-4e-arrondissement.fr\/index.php\/wp-json\/wp\/v2\/comments?post=125"}],"version-history":[{"count":6,"href":"https:\/\/debouchage-canalisation-paris-4e-arrondissement.fr\/index.php\/wp-json\/wp\/v2\/pages\/125\/revisions"}],"predecessor-version":[{"id":206,"href":"https:\/\/debouchage-canalisation-paris-4e-arrondissement.fr\/index.php\/wp-json\/wp\/v2\/pages\/125\/revisions\/206"}],"wp:attachment":[{"href":"https:\/\/debouchage-canalisation-paris-4e-arrondissement.fr\/index.php\/wp-json\/wp\/v2\/media?parent=125"}],"curies":[{"name":"wp","href":"https:\/\/api.w.org\/{rel}","templated":true}]}}