{"id":238,"date":"2024-06-27T15:59:13","date_gmt":"2024-06-27T13:59:13","guid":{"rendered":"https:\/\/debouchage-canalisation-paris-4e-arrondissement.fr\/?page_id=238"},"modified":"2024-10-23T13:23:29","modified_gmt":"2024-10-23T11:23:29","slug":"mentions-legales","status":"publish","type":"page","link":"https:\/\/debouchage-canalisation-paris-4e-arrondissement.fr\/index.php\/mentions-legales\/","title":{"rendered":"Mentions l\u00e9gales"},"content":{"rendered":"<div class=\"wpb_text_column wpb_content_element \">\n<div class=\"wpb_wrapper\">\n<h3>NOM DU SITE<\/h3>\n<\/div>\n<\/div>\n<div class=\"wpb_text_column wpb_content_element \">\n<div class=\"wpb_wrapper\">\n<ul>\n<li><strong>ETABLISSEMENTS LEFEVRE<\/strong><\/li>\n<li><strong>T\u00e9l : 01 48 05 15 15<\/strong><\/li>\n<li><strong>Adresse :\u00a0<span class=\"ng-binding\" data-ng-bind=\":: $ctrl.user.address\">62 Rue Sedaine,<\/span><\/strong><\/li>\n<li><strong>123 Rue des Canalisations, 75004 Paris<\/strong><\/li>\n<\/ul>\n<p><strong>H\u00e9bergeur OVH<\/strong><br \/>\nSi\u00e8ge social :<br \/>\n2 rue Kellermann<br \/>\n59100 Roubaix<br \/>\nFrance<\/p>\n<\/div>\n<\/div>\n<h3 class=\"vc_custom_heading\">DONN\u00c9ES PERSONNELLES<\/h3>\n<div class=\"wpb_text_column wpb_content_element \">\n<div class=\"wpb_wrapper\">\n<p>L\u2019utilisateur du site Internet reconna\u00eet disposer de la comp\u00e9tence et des moyens n\u00e9cessaires pour acc\u00e9der et utiliser ce site. Il reconna\u00eet \u00e9galement avoir pris connaissance de la pr\u00e9sente notice l\u00e9gale et s\u2019engage \u00e0 la respecter.<br \/>\nEn conformit\u00e9 avec les dispositions de la loi du 6 janvier 1978 relative \u00e0 l\u2019informatique, aux fichiers et aux libert\u00e9s, le traitement automatis\u00e9 des donn\u00e9es nominatives r\u00e9alis\u00e9es \u00e0 partir du site Internet a fait l\u2019objet d\u2019une d\u00e9claration aupr\u00e8s de la Commission nationale de l\u2019informatique et des libert\u00e9s (CNIL).<br \/>\nL\u2019utilisateur est inform\u00e9 que lors de ses visites sur le site, un cookie peut s\u2019installer automatiquement sur son logiciel de navigation.Un cookie est un \u00e9l\u00e9ment qui ne permet pas d\u2019identifier l\u2019utilisateur mais sert \u00e0 enregistrer des informations relatives \u00e0 la navigation de celui-ci sur le site Internet. L\u2019utilisateur pourra d\u00e9sactiver ce cookie par l\u2019interm\u00e9diaire des param\u00e8tres figurant au sein de son logiciel de navigation.<br \/>\nL\u2019utilisateur dispose d\u2019un droit d\u2019acc\u00e8s, de modification, de rectification et de suppression des donn\u00e9es qui le concernent (article 34 de la loi \u00bb Informatique et Libert\u00e9s \u00ab ). Pour l\u2019exercer, l\u2019utilisateur peut s\u2019adresser aupr\u00e8s du Directeur de la publication vis\u00e9 plus haut.<br \/>\nToute repr\u00e9sentation totale ou partielle de ce site par quelque proc\u00e9d\u00e9 que ce soit, sans l\u2019autorisation expresse de l\u2019exploitant du site Internet est interdite et constituerait une contrefa\u00e7on sanctionn\u00e9e par les article L 335-2 et suivants du Code de la propri\u00e9t\u00e9 intellectuelle.<br \/>\nIl en est de m\u00eame des \u00e9ventuelles bases de donn\u00e9es figurant sur le site Internet qui sont prot\u00e9g\u00e9es par les dispositions de la loi du 11 juillet 1998 portant transposition dans le Code de la propri\u00e9t\u00e9 intellectuelle (CPI) de la directive europ\u00e9enne du 11 mars 1996 relative \u00e0 la protection juridique des bases de donn\u00e9es.<br \/>\nLes marques de l\u2019exploitant du site Internet et de ses partenaires, ainsi que les logos figurant sur le site sont des marques (semi-figuratives ou non) d\u00e9pos\u00e9es.<br \/>\nLes liens hypertextes mis en place dans le cadre du site Internet en direction d\u2019autres ressources pr\u00e9sentes sur le r\u00e9seau de l\u2019Internet, et notamment vers ses partenaires ont fait l\u2019objet d\u2019une autorisation pr\u00e9alable expresse et \u00e9crite.<br \/>\nLes utilisateurs visiteurs du site Internet ne peuvent mettre en place un hyperlien en direction de ces sites sans l\u2019autorisation expresse et pr\u00e9alable de l\u2019exploitant du site Internet.<\/p>\n<\/div>\n<\/div>\n<h3 class=\"vc_custom_heading\">COOKIES<\/h3>\n<div class=\"wpb_text_column wpb_content_element \">\n<div class=\"wpb_wrapper\">\n<p>Les cookies sont des petits fichiers textes stock\u00e9s dans votre navigateur lorsque vous consultez notre site sous r\u00e9serve du param\u00e9trage de votre navigateur et qui vont \u00eatre utilis\u00e9s pour reconna\u00eetre votre terminal lorsque vous vous connectez \u00e0 notre site afin :<br \/>\n1. D\u2019\u00e9tablir des statistiques et comptages de fr\u00e9quentation et d\u2019utilisation des diverses rubriques et contenus de notre site afin de r\u00e9aliser des \u00e9tudes pour en am\u00e9liorer le contenu<br \/>\n2. D\u2019adapter du contenu publicitaire \u00e0 vos centres d\u2019int\u00e9r\u00eats et, \u00e9ventuellement, votre localit\u00e9, qui r\u00e9sultent des donn\u00e9es de navigation de votre terminal parmi les rubriques de notre site sans que nous n\u2019ayons de donn\u00e9es personnelles permettant de vous identifier ou de vous contacter directement.<\/p>\n<\/div>\n<\/div>\n<h3 class=\"vc_custom_heading\">VOS DROITS<\/h3>\n<div class=\"wpb_text_column wpb_content_element \">\n<div class=\"wpb_wrapper\">\n<div id=\"fws_5e3d4b707b878\" class=\"wpb_row vc_row-fluid vc_row top-level standard_section \" data-midnight=\"dark\" data-bg-mobile-hidden=\"\">\n<div class=\"col span_12 dark left\">\n<div class=\"vc_col-sm-12 wpb_column column_container vc_column_container col no-extra-padding\" data-t-w-inherits=\"default\" data-border-radius=\"none\" data-shadow=\"none\" data-border-animation=\"\" data-border-animation-delay=\"\" data-border-width=\"none\" data-border-style=\"solid\" data-border-color=\"\" data-bg-cover=\"\" data-padding-pos=\"all\" data-has-bg-color=\"false\" data-bg-color=\"\" data-bg-opacity=\"1\" data-hover-bg=\"\" data-hover-bg-opacity=\"1\" data-animation=\"\" data-delay=\"0\">\n<div class=\"vc_column-inner\">\n<div class=\"wpb_wrapper\">\n<div class=\"wpb_text_column wpb_content_element \">\n<div class=\"wpb_wrapper\">\n<p>Conform\u00e9ment \u00e0 la loi Informatique et Libert\u00e9s du 6 janvier 1978 modifi\u00e9e par la loi du 6 ao\u00fbt 2004, vous disposez de droits d\u2019acc\u00e8s, de rectification et d\u2019opposition aux donn\u00e9es personnelles vous concernant. Vous pouvez exercer ces droits :<br \/>\nEn ce qui concerne les donn\u00e9es collect\u00e9es par le biais du formulaire de contact : les droits peuvent \u00eatre exerc\u00e9s directement aupr\u00e8s de l\u2019annonceur<br \/>\nUn rendez-vous important ? Un message \u00e0 faire passer ? Un entretien \u00e0 ne pas manquer ? Pr\u00e9parez-vous pour faire ressortir l\u2019essence de votre personnalit\u00e9 et capitaliser sur vos forces.<\/p>\n<\/div>\n<\/div>\n<\/div>\n<\/div>\n<\/div>\n<\/div>\n<\/div>\n<\/div>\n<\/div>\n","protected":false},"excerpt":{"rendered":"<p>NOM DU SITE ETABLISSEMENTS LEFEVRE T\u00e9l : 01 48 05 15 15 Adresse :\u00a062 Rue Sedaine, 123 Rue des Canalisations, 75004 Paris H\u00e9bergeur OVH Si\u00e8ge social : 2 rue Kellermann&#8230;<\/p>\n","protected":false},"author":1,"featured_media":0,"parent":0,"menu_order":0,"comment_status":"closed","ping_status":"closed","template":"","meta":{"_monsterinsights_skip_tracking":false,"_monsterinsights_sitenote_active":false,"_monsterinsights_sitenote_note":"","_monsterinsights_sitenote_category":0,"footnotes":""},"class_list":["post-238","page","type-page","status-publish"],"yoast_head":"<!-- This site is optimized with the Yoast SEO plugin v27.3 - https:\/\/yoast.com\/product\/yoast-seo-wordpress\/ -->\n<title>Mentions l\u00e9gales - Debouchage canalisation paris 4e arrondissement<\/title>\n<meta name=\"robots\" content=\"index, follow, max-snippet:-1, max-image-preview:large, max-video-preview:-1\" \/>\n<link rel=\"canonical\" href=\"https:\/\/debouchage-canalisation-paris-4e-arrondissement.fr\/index.php\/mentions-legales\/\" \/>\n<meta property=\"og:locale\" content=\"fr_FR\" \/>\n<meta property=\"og:type\" content=\"article\" \/>\n<meta property=\"og:title\" content=\"Mentions l\u00e9gales - Debouchage canalisation paris 4e arrondissement\" \/>\n<meta property=\"og:description\" content=\"NOM DU SITE ETABLISSEMENTS LEFEVRE T\u00e9l : 01 48 05 15 15 Adresse :\u00a062 Rue Sedaine, 123 Rue des Canalisations, 75004 Paris H\u00e9bergeur OVH Si\u00e8ge social : 2 rue Kellermann...\" \/>\n<meta property=\"og:url\" content=\"https:\/\/debouchage-canalisation-paris-4e-arrondissement.fr\/index.php\/mentions-legales\/\" \/>\n<meta property=\"og:site_name\" content=\"Debouchage canalisation paris 4e arrondissement\" \/>\n<meta property=\"article:modified_time\" content=\"2024-10-23T11:23:29+00:00\" \/>\n<meta name=\"twitter:card\" content=\"summary_large_image\" \/>\n<meta name=\"twitter:label1\" content=\"Dur\u00e9e de lecture estim\u00e9e\" \/>\n\t<meta name=\"twitter:data1\" content=\"4 minutes\" \/>\n<script type=\"application\/ld+json\" class=\"yoast-schema-graph\">{\"@context\":\"https:\\\/\\\/schema.org\",\"@graph\":[{\"@type\":\"WebPage\",\"@id\":\"https:\\\/\\\/debouchage-canalisation-paris-4e-arrondissement.fr\\\/index.php\\\/mentions-legales\\\/\",\"url\":\"https:\\\/\\\/debouchage-canalisation-paris-4e-arrondissement.fr\\\/index.php\\\/mentions-legales\\\/\",\"name\":\"Mentions l\u00e9gales - Debouchage canalisation paris 4e arrondissement\",\"isPartOf\":{\"@id\":\"https:\\\/\\\/debouchage-canalisation-paris-4e-arrondissement.fr\\\/#website\"},\"datePublished\":\"2024-06-27T13:59:13+00:00\",\"dateModified\":\"2024-10-23T11:23:29+00:00\",\"breadcrumb\":{\"@id\":\"https:\\\/\\\/debouchage-canalisation-paris-4e-arrondissement.fr\\\/index.php\\\/mentions-legales\\\/#breadcrumb\"},\"inLanguage\":\"fr-FR\",\"potentialAction\":[{\"@type\":\"ReadAction\",\"target\":[\"https:\\\/\\\/debouchage-canalisation-paris-4e-arrondissement.fr\\\/index.php\\\/mentions-legales\\\/\"]}]},{\"@type\":\"BreadcrumbList\",\"@id\":\"https:\\\/\\\/debouchage-canalisation-paris-4e-arrondissement.fr\\\/index.php\\\/mentions-legales\\\/#breadcrumb\",\"itemListElement\":[{\"@type\":\"ListItem\",\"position\":1,\"name\":\"Accueil\",\"item\":\"https:\\\/\\\/debouchage-canalisation-paris-4e-arrondissement.fr\\\/\"},{\"@type\":\"ListItem\",\"position\":2,\"name\":\"Mentions l\u00e9gales\"}]},{\"@type\":\"WebSite\",\"@id\":\"https:\\\/\\\/debouchage-canalisation-paris-4e-arrondissement.fr\\\/#website\",\"url\":\"https:\\\/\\\/debouchage-canalisation-paris-4e-arrondissement.fr\\\/\",\"name\":\"Debouchage canalisation paris 4e arrondissement\",\"description\":\"Debouchage canalisation paris 4e arrondissement\",\"potentialAction\":[{\"@type\":\"SearchAction\",\"target\":{\"@type\":\"EntryPoint\",\"urlTemplate\":\"https:\\\/\\\/debouchage-canalisation-paris-4e-arrondissement.fr\\\/?s={search_term_string}\"},\"query-input\":{\"@type\":\"PropertyValueSpecification\",\"valueRequired\":true,\"valueName\":\"search_term_string\"}}],\"inLanguage\":\"fr-FR\"}]}<\/script>\n<!-- \/ Yoast SEO plugin. -->","yoast_head_json":{"title":"Mentions l\u00e9gales - Debouchage canalisation paris 4e arrondissement","robots":{"index":"index","follow":"follow","max-snippet":"max-snippet:-1","max-image-preview":"max-image-preview:large","max-video-preview":"max-video-preview:-1"},"canonical":"https:\/\/debouchage-canalisation-paris-4e-arrondissement.fr\/index.php\/mentions-legales\/","og_locale":"fr_FR","og_type":"article","og_title":"Mentions l\u00e9gales - Debouchage canalisation paris 4e arrondissement","og_description":"NOM DU SITE ETABLISSEMENTS LEFEVRE T\u00e9l : 01 48 05 15 15 Adresse :\u00a062 Rue Sedaine, 123 Rue des Canalisations, 75004 Paris H\u00e9bergeur OVH Si\u00e8ge social : 2 rue Kellermann...","og_url":"https:\/\/debouchage-canalisation-paris-4e-arrondissement.fr\/index.php\/mentions-legales\/","og_site_name":"Debouchage canalisation paris 4e arrondissement","article_modified_time":"2024-10-23T11:23:29+00:00","twitter_card":"summary_large_image","twitter_misc":{"Dur\u00e9e de lecture estim\u00e9e":"4 minutes"},"schema":{"@context":"https:\/\/schema.org","@graph":[{"@type":"WebPage","@id":"https:\/\/debouchage-canalisation-paris-4e-arrondissement.fr\/index.php\/mentions-legales\/","url":"https:\/\/debouchage-canalisation-paris-4e-arrondissement.fr\/index.php\/mentions-legales\/","name":"Mentions l\u00e9gales - Debouchage canalisation paris 4e arrondissement","isPartOf":{"@id":"https:\/\/debouchage-canalisation-paris-4e-arrondissement.fr\/#website"},"datePublished":"2024-06-27T13:59:13+00:00","dateModified":"2024-10-23T11:23:29+00:00","breadcrumb":{"@id":"https:\/\/debouchage-canalisation-paris-4e-arrondissement.fr\/index.php\/mentions-legales\/#breadcrumb"},"inLanguage":"fr-FR","potentialAction":[{"@type":"ReadAction","target":["https:\/\/debouchage-canalisation-paris-4e-arrondissement.fr\/index.php\/mentions-legales\/"]}]},{"@type":"BreadcrumbList","@id":"https:\/\/debouchage-canalisation-paris-4e-arrondissement.fr\/index.php\/mentions-legales\/#breadcrumb","itemListElement":[{"@type":"ListItem","position":1,"name":"Accueil","item":"https:\/\/debouchage-canalisation-paris-4e-arrondissement.fr\/"},{"@type":"ListItem","position":2,"name":"Mentions l\u00e9gales"}]},{"@type":"WebSite","@id":"https:\/\/debouchage-canalisation-paris-4e-arrondissement.fr\/#website","url":"https:\/\/debouchage-canalisation-paris-4e-arrondissement.fr\/","name":"Debouchage canalisation paris 4e arrondissement","description":"Debouchage canalisation paris 4e arrondissement","potentialAction":[{"@type":"SearchAction","target":{"@type":"EntryPoint","urlTemplate":"https:\/\/debouchage-canalisation-paris-4e-arrondissement.fr\/?s={search_term_string}"},"query-input":{"@type":"PropertyValueSpecification","valueRequired":true,"valueName":"search_term_string"}}],"inLanguage":"fr-FR"}]}},"_links":{"self":[{"href":"https:\/\/debouchage-canalisation-paris-4e-arrondissement.fr\/index.php\/wp-json\/wp\/v2\/pages\/238","targetHints":{"allow":["GET"]}}],"collection":[{"href":"https:\/\/debouchage-canalisation-paris-4e-arrondissement.fr\/index.php\/wp-json\/wp\/v2\/pages"}],"about":[{"href":"https:\/\/debouchage-canalisation-paris-4e-arrondissement.fr\/index.php\/wp-json\/wp\/v2\/types\/page"}],"author":[{"embeddable":true,"href":"https:\/\/debouchage-canalisation-paris-4e-arrondissement.fr\/index.php\/wp-json\/wp\/v2\/users\/1"}],"replies":[{"embeddable":true,"href":"https:\/\/debouchage-canalisation-paris-4e-arrondissement.fr\/index.php\/wp-json\/wp\/v2\/comments?post=238"}],"version-history":[{"count":2,"href":"https:\/\/debouchage-canalisation-paris-4e-arrondissement.fr\/index.php\/wp-json\/wp\/v2\/pages\/238\/revisions"}],"predecessor-version":[{"id":242,"href":"https:\/\/debouchage-canalisation-paris-4e-arrondissement.fr\/index.php\/wp-json\/wp\/v2\/pages\/238\/revisions\/242"}],"wp:attachment":[{"href":"https:\/\/debouchage-canalisation-paris-4e-arrondissement.fr\/index.php\/wp-json\/wp\/v2\/media?parent=238"}],"curies":[{"name":"wp","href":"https:\/\/api.w.org\/{rel}","templated":true}]}}